rivative of u**3/3 + u**2 - 1238. Calculate j(1).
3
Let z(g) = g**3 - 2*g**2 + g. Let j(u) = -6*u - 31. Let w be j(-6). Let o(s) = 3*s**3 - 2*s**2 + 1. Let r be o(-1). Let c be 6/2 - (w + r). What is z(c)?
2
Let h(r) = r**3 + 14*r**2 - 14*r + 13. Let d be -1*20/(-4) - (1 - -40). Let o be (-120)/(-4)*(4 - d/(-8)). Give h(o).
-2
Let i(r) = 6*r + 26. Let a be i(-18). Let x = 85 + a. Let l(v) = -v**3 + 6*v + 4*v**2 - 2 - 11*v + 4*v. Give l(x).
4
Let v(k) be the first derivative of -12*k - 7/2*k**2 + 46 - 1/3*k**3. Calculate v(-8).
-20
Let j(z) = -8 + 13*z**2 + 0*z**3 - 13*z - z**3 + 22. Let f be j(12). Let l(x) = 10*x - 13*x - x - 2 + 11*x - x**f. What is l(6)?
4
Let b(d) = d + 3 + 10 + 9*d**2 + d**3 - 3. Let t(z) = -1077*z + 3222. Let g be t(3). Give b(g).
1
Let t(u) be the second derivative of -u**4/12 - 3*u**3/2 - 9*u**2/2 + 2095*u. What is t(-9)?
-9
Let o(c) = -2*c**2 - c. Let l(j) = -4*j**2 - 2*j + 75. Let k(m) = l(m) - o(m). Let f(v) be the first derivative of k(v). Give f(-2).
7
Let w(p) = -p**3 + 5*p**2 + 3*p. Let s be 2*((-35)/(-10) - 1). Suppose 0 = -o + 2, -s*i + o - 24 = -2. Let m(j) = -j + 1. Let g be m(i). Calculate w(g).
15
Let m(u) = 26*u + 1332. Let v be m(-51). Let l(n) = 2*n - 20. Determine l(v).
-8
Let i(d) = d - 1. Let o be i(6). Let g(z) be the second derivative of 83*z + 0 + 1/12*z**4 - 2/3*z**3 - 2*z**2. Give g(o).
1
Let b(l) = 2*l**2 - 24*l - 25. Let g(r) = r**2 - 13*r - 14. Let j(v) = -6*b(v) + 11*g(v). What is j(-6)?
-46
Let w(u) = 3*u**3 + 2*u**2 - 4*u. Suppose 1 = -5*f + 3*z, -36*z + 4 = 4*f - 40*z. Determine w(f).
-8
Let t(z) = 8*z + 1. Let k(v) = -v - 1. Let y(f) = -5*k(f) - t(f). Let h(m) = 2*m**3 - 4*m**2 - 2*m + 3. Let d be h(3). Suppose d = 3*o - 0*o. Calculate y(o).
-11
Let p(l) = -2*l**3 - 9*l - 4964*l**2 - 10*l - 9 + 4956*l**2. Give p(-4).
67
Let n(q) = 4078*q + 22 - 4191*q - 140. What is n(-1)?
-5
Let a(n) = -13*n - 43. Let k be (260/(-156))/(10/18). What is a(k)?
-4
Suppose h = -5*l - 31, 3*h = 7*h - 2*l + 14. Let c(k) be the second derivative of k**3/6 - 5*k**2/2 + 6*k - 634. Calculate c(h).
-11
Let d(y) = 6 - 4 - 7*y + 0. Let j be -1440 - (9 - (1 - -6)). Let r = j - -1440. Calculate d(r).
16
Let c(n) = -4*n**2 - 5*n + 6. Let m(v) = -90*v**2 - 110*v + 130. Let i(r) = 65*c(r) - 3*m(r). Give i(-3).
75
Let d(m) = -87*m + 877. Let r be d(10). Let b(j) = j. Let x(c) = 5*c - 7. Let s(o) = 3*b(o) - x(o). Determine s(r).
-7
Let d(q) be the first derivative of -2*q + 1/2*q**2 - 47. Determine d(-1).
-3
Let h(f) = -f**2 + 13. Suppose 2*c = -11 + 3. Let d be (-1)/2 + (2 - (-6)/c). Suppose 8*s + 5 - 5 = d. Determine h(s).
13
Let d(b) be the second derivative of -b**6/240 - b**5/30 + 15*b**4/4 + 21*b. Let q(m) be the third derivative of d(m). Determine q(-3).
5
Let f(o) = -61*o + 69*o - 40*o + 295 - 43*o. Give f(4).
-5
Let y(p) be the second derivative of p**4/4 + 7*p**3/3 - 27*p**2 - 804*p - 4. Calculate y(-7).
-5
Let a(b) = b**3 + b - 6. Let j(c) = -174*c + 696. Let y be j(4). Determine a(y).
-6
Let x be (660/2145 - 76/78)*-9. Let j(y) = -3*y**2 + 24*y - 15. Calculate j(x).
21
Suppose 32*h - 92*h + 540 = 0. Let t(j) = h - 14074*j**2 - 3 + 14073*j**2 + j. Determine t(3).
0
Let l(u) be the second derivative of u**4/2 + 27*u**3/2 + 25*u**2/2 - 1289*u. Give l(-13).
-14
Let x(y) be the second derivative of -y**4/12 - y**3/3 + y**2/2 + y. Suppose 61*g - 17*g + 172*g = -103*g. Determine x(g).
1
Let r(h) be the third derivative of -h**6/120 - h**5/30 + h**4/12 + h**3 + 8*h**2 + 4. Determine r(-3).
9
Let f(r) = -r**2 - 11*r + 14. Let d(q) be the second derivative of q**5/20 - 19*q**3/3 - 3*q - 8. Let k be d(6). Determine f(k).
2
Let u = 493 + -491. Suppose -s = -5*s + 12. Let i(p) = -p**2 - p**s + 3 - 3*p - 5*p**2 + 5*p**2. What is i(u)?
-15
Suppose -142*z + 208*z + 209*z = -2475. Let m(n) = -3*n - 25. Give m(z).
2
Suppose 23*t = 347 + 458. Suppose -t*v + 6*v = -348. Let w(a) = -a + 5. What is w(v)?
-7
Let p(z) be the third derivative of -z**4/24 + z**3/3 - 106*z**2. Let c(l) = -1. Let v(x) = c(x) + p(x). Determine v(-3).
4
Let y(v) = -201*v**2 + 70*v**2 + 13*v + 2 - v**3 + 62*v**2 + 70*v**2. Give y(-3).
-1
Let x be 56/(-84) - (-3 - (-20)/(-5) - (-2)/6). Let z(r) = -8 + r**2 - 3*r + 0*r**2 - 5. Give z(x).
5
Let v be 1/(-4 - (-1220)/304). Let f = v - 79. Let d(u) = u**2 - 3*u + 4. Calculate d(f).
22
Suppose -157 = -26*i + 649. Let l = 8 - -22. Let c(z) = 2 + i*z - l*z - 3 + 5. Determine c(7).
11
Let z(m) = 4 + 665*m + m**2 + 1 + 19 - 686*m. Give z(20).
4
Let r = 14 - 18. Let h(m) = m. Let n(z) = z**2 + 8*z - 6. Let p(c) = r*h(c) + n(c). Suppose 607*s = 604*s - 18. Calculate p(s).
6
Let m(t) be the third derivative of -59*t**6/120 - t**4/24 + t**3/6 + 1282*t**2 + t - 1. Give m(1).
-59
Let y(d) = -2*d**2 + 59*d - 15. Suppose -8*z = -7*z - 20 - 9. Give y(z).
14
Let m(v) be the third derivative of v**5/30 + v**4/8 - v**3/2 + 27*v**2. Suppose -2*j + 4*z - 8*z - 14 = 0, -8 = 4*j - 2*z. Calculate m(j).
6
Let h be ((-9 + 7)*2)/((-1)/6). Let o = -9 + 8. Let t be (h/(-40))/(o/5). Let r(g) = g**3 - 2*g**2 - g + 2. What is r(t)?
8
Suppose 3*d = 3*q - 3, 1 = -2*d - 3*q - 21. Let b(h) be the second derivative of h**4/12 + h**3 + 2*h**2 + 84*h - 155. What is b(d)?
-1
Let c(b) = b - b**2 - 1 + 2 + 1. Let v = 84 - 84. Suppose v = -s - 4*g + 11, 4*s + 0*s - 2*g = 8. Determine c(s).
-4
Let r = 10144 - 10170. Let v(o) = 3*o + 75. What is v(r)?
-3
Let f(l) = 4 + 92*l - 223*l + 135*l. Calculate f(-7).
-24
Let h(d) = -408*d - 2 + 8*d**3 - 4*d**2 + 198*d + 202*d. Let i be h(-1). Let u(w) = w - 2*w + 2 - 4. What is u(i)?
4
Let b(f) = 3*f**2 - 8*f + 2. Let q(m) = 13*m**2 - 33*m + 8. Let n(p) = -9*b(p) + 2*q(p). Let s(d) = d - 22. Let v be s(8). Let x = v + 20. What is n(x)?
-2
Let g(q) = 4*q - 4. Let f be 683/14343 - (-1 - (-20)/(-21)). Calculate g(f).
4
Let k(m) = 2*m + 4. Let c be k(4). Suppose -t - 3*t = -5*r + 53, 51 = 5*r - 3*t. Let x(o) = -c - 6*o - o**3 - 8*o + 3*o - r*o**2 + o. Determine x(-8).
4
Let j = 18947 + -18950. Let l(a) = -a**3 + 7*a - 2. Give l(j).
4
Let u(r) = 51*r**3 + 15*r**2 + 4*r + 10. Let l(a) = -178*a**3 - 46*a**2 - 13*a - 31. Let t(q) = 2*l(q) + 7*u(q). Determine t(-13).
-18
Let t = -3 + 7. Let p = 158 + -156. Let x(k) = -k**p + 51*k - 50*k + 6 - 2. Calculate x(t).
-8
Let q(i) = -i**3 + 10*i**2 + 11*i - 17. Suppose 14*v = 91*v + 33*v - 1210. Calculate q(v).
-17
Suppose -2*g + 0*g - 5*c + 370 = 0, 0 = -3*g - c + 542. Let y = g + -178. Let n(k) = -3*k**3 + 2*k**2 + 3*k - 3. Calculate n(y).
-13
Let i be ((-4)/16)/(4 + (-99)/24). Let f be ((-63)/7 + 8)/((-1)/i). Let v(b) = 25*b - 7*b + b**f - 18*b. Determine v(-1).
1
Suppose 14 - 13 = 8*s + 41. Let k(c) = -5*c**2 + 3*c - 3. Let p(y) = -y**2. Let x(m) = k(m) - 6*p(m). Calculate x(s).
7
Let p = 3983 - 3987. Let c(s) = -10*s - 44. Give c(p).
-4
Let q(c) = -10*c**3 - c**2 + c. Let w be q(1). Let i(k) = 10 - 9*k - 53*k**2 - 1 - 53*k**2 + 152*k**2 - 47*k**2. Calculate i(w).
-1
Let y(j) = -j - 1. Let p = -36 + 40. Let d(b) = -5*b + 9. Let s(r) = p*y(r) - d(r). Let h = 35 + -25. What is s(h)?
-3
Let t(k) be the first derivative of k**2/2 + 73. Give t(5).
5
Let h be (14/21)/((8/(-30))/(364/(-130))). Let i(k) = -2*k**2 + 12*k + 24. Determine i(h).
10
Let n be (-4)/56*(56 - 63). Let c(l) be the first derivative of 15 - 5/2*l**4 - l + n*l**2 + 1/3*l**3. What is c(1)?
-9
Let l(v) be the first derivative of v**3/3 - 3*v**2 - 2. Let j be 5/(90/108)*1. Give l(j).
0
Let w(r) be the first derivative of 25*r**2/2 - 426*r + 5607. Give w(17).
-1
Let z(t) = -22*t - 7. Suppose 104 = 7*a - 11*a. Let m = -34 - a. Let k(b) = 33*b + 11. Let p(u) = m*z(u) - 5*k(u). What is p(-1)?
-10
Let y be (-14)/(-3) - (-24)/(-36). Let j(a) = -3*a**2 - 2*a + y + 3 + 2*a**2 + 0*a**2. Let d = 2 - 8. Determine j(d).
-17
Let j(i) = i**2 + 14*i + 44. Let n(w) = 3*w**3 - 140*w**2 - 43*w - 193. Let p be n(47). What is j(p)?
-1
Let o(a) be the first derivative of 17 - 1/2*a**2 + 4*a. Suppose -5*d + 2*d = 3*g - 30, 4*d + 5*g = 45. Calculate o(d).
-1
Let p(j) = 3*j**2 + 46*j - 25. Let i = -8758 - -8742. Determine p(i).
7
Let k(j) = 13*j**3 - 1 + 31*j**3 - 2*j - 57*j**3 - j**2. Let w = 16 - 14. Suppose -w*v + 4 = -6*v. Calculate k(v).
13
Let b(y) = -6 - 14*y - y**2 + 47*y - 16*y - 10*y. Suppose 4*c - 2*i = 2 + 24, 1 = 4*c + 3*i. 